).
12
Let i(x) be the second derivative of x**7/2520 + x**6/360 - x**5/15 + 11*x**4/12 + 6*x. Let p(w) be the third derivative of i(w). Give p(-6).
16
Let v be 1/5 - 12/60. Let l(k) = k - 2*k + v*k. Determine l(-2).
2
Let r(k) = 2*k + 39. Let x = 2127 + -2145. What is r(x)?
3
Let o(s) = 2*s + 22. Let g be o(-11). Let r(f) = 63*f**2 + f - 125*f**2 + 63*f**2 + 9. Determine r(g).
9
Let t(s) = -10*s. Let j(c) = -4*c + 69. Let w be j(17). Calculate t(w).
-10
Let g(f) = -31*f - 206. Let a be g(-6). Let c(n) = -2*n - 45. Give c(a).
-5
Let x(v) = 32 + 7*v - 45 + 21. What is x(-6)?
-34
Let d(y) = y**2 + 3*y - 3. Let r be (-5 - (-4 + 1))*2. Calculate d(r).
1
Suppose 24 = -47*c - 258. Let j(d) = d**2 + 8*d + 6. Calculate j(c).
-6
Let i(x) = x + 10*x**3 + 9*x**3 - 12*x**3. Let l(t) be the second derivative of t**3/6 + 7*t**2/2 + 8*t. Let v be l(-6). Calculate i(v).
8
Let j(x) = 2*x - 1. Let t = -8 - -9. Let k be -3 - (-6 - (-3 + t)). Determine j(k).
1
Let w be 132/(-8)*(-8)/6. Let b be ((-6)/(-12))/((-1)/46). Let l = w + b. Let v(g) = -3*g**2 + 2*g + 1. Give v(l).
-4
Let z = 41 - 39. Let l(s) = 5*s + 0*s**2 - 2*s**2 - 9*s + 5*s**2 + z. Calculate l(2).
6
Let m(n) = -24*n + 19. Let b(t) = 28*t - 19. Let w(v) = 5*b(v) + 6*m(v). Give w(6).
-5
Let q = -4 - -4. Let u(o) = -4*o + 5. Determine u(q).
5
Let s(o) = -3*o**2 + o**2 + o + 157 - 157. Let l = -40 + 27. Let w = l + 14. Determine s(w).
-1
Suppose 5*h - 4 = -2*k, -37*h - 3*k = -36*h - 6. Let m(c) be the first derivative of h*c**2 - 1/3*c**3 + 9 - 2*c. Determine m(-2).
-6
Let g be -1 - ((-2)/4)/((-1)/(-6)). Let m(w) = -2*w + 0*w**g - 7*w**2 + 8*w**2 - 1 + 4*w. Determine m(-2).
-1
Let u(n) = 11*n - 11. Suppose -18 = 54*b - 63*b. Give u(b).
11
Let g = 238 - 232. Let q(s) = -s**3 + 6*s**2 - 2*s + 6. Determine q(g).
-6
Let x(o) = 2*o**2 + 2*o - 4. Let q be x(3). Suppose -4*g - g = -q. Let t(p) = -2*p + 1. Give t(g).
-7
Let y = 1808 - 1808. Let x(p) = 9*p - 8. What is x(y)?
-8
Let c(t) be the third derivative of 13*t**6/720 - t**5/120 + t**4/4 + 13*t**2. Let v(z) be the second derivative of c(z). Determine v(1).
12
Let x(b) = -b**2 + 3*b - 3. Let i(w) = -w + 1. Let h = 28 + -26. Let k(v) = h*i(v) + x(v). Give k(-3).
-13
Let b(o) be the first derivative of -o**3/3 - 13*o**2/2 - 7*o + 72. Give b(-13).
-7
Let i(y) = 10*y + 11. Let c(q) = 7*q + 7. Let f(p) = 7*c(p) - 5*i(p). Let z = -39 + 80. Let l = 35 - z. What is f(l)?
0
Let j(z) = 4*z - 124 - 2*z - z + 116. What is j(-12)?
-20
Let t be (-7)/(-3) + (-20)/(-30). Suppose q - 82 = -3*f, -f - 36 = -t*f + 4*q. Let w = f - 31. Let k(l) = -l**2 - 5*l. What is k(w)?
0
Let n = 18 - 8. Let f(w) = -w**2 + w + 5. Let z be f(4). Let y = z + n. Let i(h) = h**3 - 4*h**2 + h + 2. Give i(y).
-4
Let h(i) = i + 3. Let x(v) = -v**2 + 5 - 12 - 11*v + 0. Let y be x(-11). Calculate h(y).
-4
Let s(k) = 2*k - 56. Let g(q) = q - 31. Let d(w) = 11*g(w) - 6*s(w). Calculate d(5).
-10
Let z(h) = -h**2 - 6*h + 5. Suppose 4*s + 5*w = 4, 4 = -2*s + w - 2*w. Let v be 42/4 + 2/s. Let o = 4 - v. Give z(o).
5
Let v = 2 + -2. Let g(q) = 5*q + 5. Let k(o) = 14*o + 14. Let w(y) = 17*g(y) - 6*k(y). Give w(v).
1
Let q(a) be the second derivative of a**6/144 + a**5/24 - a**4 - a. Let i(f) be the third derivative of q(f). What is i(-4)?
-15
Let n(c) = -c**3 + 4*c**2 + 6*c - 5. Suppose 8 = i - 2*y + 5, 2*y + 10 = 2*i. Suppose i = 2*q - 3. Give n(q).
0
Let a(q) be the first derivative of 6 - 1/360*q**6 + 0*q**4 + 0*q**2 + 1/60*q**5 + 0*q - 2/3*q**3. Let r(t) be the third derivative of a(t). Give r(3).
-3
Let x = -12 + 17. Let m(p) = p**3 - 5*p**2 + 5*p. Let g(d) = -d**2. Suppose -11*b = -9*b - 2. Let l(h) = b*g(h) + m(h). Give l(x).
0
Let p(z) = -z**2 + 10*z - 23. Let o be p(6). Let v(w) = -3*w. Let s(f) be the first derivative of f**2/2 + 2. Let x(k) = -17*s(k) - 6*v(k). Determine x(o).
1
Let c(q) = q + q + 0*q - 111 + 101 - 3*q. Let i(t) = -t**3 + 8*t**2 + 7*t + 11. Let b be i(9). Calculate c(b).
-3
Let b(c) be the first derivative of c**3 - 3*c**2 - 13 + 1/4*c**4 - c. Calculate b(-4).
7
Let d be (-2)/7 - 152/(-336). Let j(p) be the third derivative of 0*p + 1/2*p**3 - 2*p**2 - d*p**4 - 1/60*p**5 + 0 + 1/120*p**6. Determine j(3).
9
Let w(a) = -7*a**3 + 14*a**2 - 12*a + 3. Let f(t) = 8*t**3 - 14*t**2 + 14*t - 4. Let u(x) = 6*f(x) + 7*w(x). Determine u(14).
-3
Let c = -54 + 61. Let s(j) be the second derivative of j**3/6 - 9*j**2/2 + 5*j. Calculate s(c).
-2
Let z(c) be the second derivative of -11*c**6/720 + c**5/120 - 7*c**4/12 + 13*c. Let t(s) be the third derivative of z(s). Determine t(1).
-10
Let v(p) = p**3 - 6*p**2 + 6*p. Suppose -2*n - n = -60. Let q be (-8)/44 - (-72)/33. Suppose 2*t - n = -q*t. Give v(t).
5
Let h(u) = -2*u - 58. Let b be h(-28). Let t(o) be the second derivative of -o**4/3 - o**3/6 + o**2/2 - 4*o. Determine t(b).
-13
Let d(z) = 28*z - 3. Let x(w) = -5*w - 1. Let a(h) = d(h) + 6*x(h). Calculate a(-4).
-1
Let d(o) = 9*o**2 + o + 2. Let n = 877 - 878. What is d(n)?
10
Let o(v) be the third derivative of v**4/8 - v**3/2 + 11*v**2. Let g(f) = -10*f + 10. Let a(n) = 2*g(n) + 7*o(n). Give a(-4).
-5
Let y(h) be the first derivative of 3 + 3/2*h**2 + 0*h. Suppose -10*z = -12*z + 2. Give y(z).
3
Let x(w) = 3*w. Let g be x(7). Let q = g + -14. Let r(k) be the first derivative of k**4/4 - 7*k**3/3 + k**2 - 10*k - 65. What is r(q)?
4
Let f(l) = 1523*l + 1515*l + 9 - 3028*l + l**2. Suppose 5*k + 10 + 35 = 0. What is f(k)?
0
Let o = -3 - -4. Let z(a) = 2*a + 0*a + 5 + o - 3. Suppose -10*y - 34 - 16 = 0. Calculate z(y).
-7
Let o(q) be the first derivative of q**3/3 + 4*q**2 - 14*q - 50. Determine o(-10).
6
Let k = 5 - -20. Suppose -f - 3*f + k = x, -5 = -f. Let b(d) be the second derivative of -d**3/3 - d**2 + d. Give b(x).
-12
Let v be (5/25)/(7/(-105)). Let n(t) = -t**3 + t**2 - t - 2. Calculate n(v).
37
Suppose 5*d + 68 = -h, h - 2*h = 3. Let w be 2 - (7 + (-4)/(-2)). Let c = w - d. Let q(v) = -v**3 + 7*v**2 - 9*v + 3. Give q(c).
-15
Let j(a) = -41*a - 30. Let g(y) = -10*y - 7. Let x(d) = 9*g(d) - 2*j(d). What is x(3)?
-27
Let p(s) = -s**3 - s**2 - s - 1. Let b(m) = -2*m**2 - m**3 - 1 + 2*m**2 - 2*m**2 - 2*m. Let j(n) = -5*b(n) + 6*p(n). Give j(4).
15
Suppose 2*q - 37 = -0*q + 5*x, 0 = 4*q - 3*x - 81. Let m = q - 24. Let i(w) = -w**3 - 2*w**2 - 4*w - 3. Give i(m).
18
Let u(y) be the first derivative of -3/2*y**2 + 0*y + 5 - 1/24*y**4 - y**3. Let v(s) be the second derivative of u(s). Calculate v(-5).
-1
Let a(o) = 7*o + 1. Let q be (-3)/(-2)*(-2)/3. Let z be a(q). Let m(w) be the second derivative of -w**5/20 - w**4/2 - w**2 + w + 86. Determine m(z).
-2
Let r(k) = 2*k - 1. Let c(j) = -8. Let a(d) = -2*c(d) - r(d). Give a(7).
3
Let q(k) = -k - 18. Suppose 0 = 2*v + 3*i - 4*i + 12, -2*i = -5*v - 32. Calculate q(v).
-10
Let g(v) = 2*v + 24. Let s be g(15). Suppose s = 16*x - 10*x. Let j(p) = -p + 6. Calculate j(x).
-3
Let a(o) = -12 - 5*o**2 + 4*o**2 + 4484*o - 4494*o. Calculate a(-7).
9
Let b(u) = 2*u**2 - 1. Let a be b(-1). Let d(n) be the second derivative of -8*n - 2/3*n**3 + 1/2*n**2 + 0. Determine d(a).
-3
Let f(g) = g - 5*g + 5 - 3*g + 0*g**2 + 4*g**2 - 18*g**3. Let s(w) = -9*w**3 + 2*w**2 - 4*w + 3. Let u(y) = 3*f(y) - 5*s(y). Calculate u(1).
-8
Suppose 1 = -2*p + 2*x - 5, -5*p + 17 = 3*x. Let k(r) = p - r - 13 + 9. Calculate k(-4).
1
Let f(p) be the third derivative of p**5/15 + p**4/12 + p**3/6 - 33*p**2. Suppose -3*i - 1 = -2*i. Give f(i).
3
Let y(a) = -2*a - 6. Let v be y(-6). Suppose v*l + l = -42. Let s(d) = -4*d - 2. Calculate s(l).
22
Let b(k) be the second derivative of k**5/60 - k**4/4 + k**3/6 - k**2/2 - 6*k. Let q(v) be the first derivative of b(v). Determine q(5).
-4
Let r(o) = 6*o**2 + 49*o - 1. Let v be r(-8). Let u(s) = -s**2 - 5*s + 10. What is u(v)?
-26
Let s(h) = -h**2 + 10*h + 4. Let i(t) = -t**2 + 14*t - 44. Let j be i(5). Suppose 2*d + 4 - j = -5*u, 3*u = 5*d - 70. Determine s(d).
-7
Let u(h) = -61 + 5*h**3 + 68 + 2*h - 6*h**3 - 7*h**2. Give u(-7).
-7
Let f(i) be the third derivative of -i**5/10 + i**4/24 + 4*i**3/3 - 8*i**2 - 2*i. Let u(n) = n**2 - n - 1. Let l(w) = f(w) + 5*u(w). Give l(2).
-9
Suppose 3*x - 79 = -5*t - 107, -5*x = -4*t - 15. Let k be 8*-2*3/(-12). Let d(w) = 0*w**3 + w**3 - 5 + k*w**2 + 0*w - 5*w. Give d(t).
-5
Let o(n) be the second derivative 